 44155096?
4
What is the ten millions digit of 195108869?
9
What is the hundred thousands digit of 20861446?
8
What is the thousands digit of 1045692317?
2
What is the ten thousands digit of 39209354?
0
What is the tens digit of 820224008?
0
What is the ten millions digit of 80019262?
8
What is the tens digit of 320313767?
6
What is the billions digit of 3766578897?
3
What is the hundred thousands digit of 99944161?
9
What is the ten millions digit of 443451762?
4
What is the hundred thousands digit of 31217737?
2
What is the units digit of 534937583?
3
What is the millions digit of 48202787?
8
What is the ten thousands digit of 1590281?
9
What is the hundred thousands digit of 2745753623?
7
What is the hundreds digit of 371889134?
1
What is the thousands digit of 96614374?
4
What is the units digit of 4297072684?
4
What is the millions digit of 1104151680?
4
What is the thousands digit of 885305995?
5
What is the hundreds digit of 1542572437?
4
What is the millions digit of 40584184?
0
What is the units digit of 282356274?
4
What is the ten millions digit of 29074448?
2
What is the hundred millions digit of 1150774572?
1
What is the ten thousands digit of 2061852715?
5
What is the tens digit of 305644751?
5
What is the ten millions digit of 195124553?
9
What is the units digit of 3036813103?
3
What is the hundred millions digit of 145580617?
1
What is the thousands digit of 53165564?
5
What is the hundred millions digit of 175592932?
1
What is the tens digit of 2478427?
2
What is the hundred thousands digit of 3360703975?
7
What is the hundred thousands digit of 33615117?
6
What is the hundreds digit of 22330760?
7
What is the units digit of 1046399227?
7
What is the hundred thousands digit of 62547236?
5
What is the ten thousands digit of 98610327?
1
What is the hundreds digit of 15002286?
2
What is the hundred millions digit of 509831062?
5
What is the hundreds digit of 13231710?
7
What is the millions digit of 41000213?
1
What is the thousands digit of 215308776?
8
What is the ten millions digit of 12773524?
1
What is the thousands digit of 13691286?
1
What is the hundred thousands digit of 4280084839?
0
What is the hundreds digit of 30333214?
2
What is the hundreds digit of 4281392716?
7
What is the tens digit of 504927740?
4
What is the hundred thousands digit of 5586353?
5
What is the ten millions digit of 1244204989?
4
What is the tens digit of 41905736?
3
What is the ten millions digit of 1222976708?
2
What is the ten thousands digit of 857859767?
5
What is the ten thousands digit of 339760533?
6
What is the hundred thousands digit of 43697933?
6
What is the hundred thousands digit of 5850855132?
8
What is the ten thousands digit of 101025485?
2
What is the millions digit of 170963536?
0
What is the ten thousands digit of 604631677?
3
What is the ten thousands digit of 1141195?
4
What is the hundreds digit of 1659911272?
2
What is the thousands digit of 314083494?
3
What is the thousands digit of 186878147?
8
What is the hundred thousands digit of 68107340?
1
What is the tens digit of 4174943595?
9
What is the millions digit of 1051658381?
1
What is the millions digit of 843795489?
3
What is the ten millions digit of 485636177?
8
What is the ten millions digit of 839321253?
3
What is the hundred thousands digit of 1781211172?
2
What is the thousands digit of 1081998235?
8
What is the ten millions digit of 78107165?
7
What is the ten millions digit of 575369964?
7
What is the ten millions digit of 2565659137?
6
What is the millions digit of 3965756657?
5
What is the units digit of 186370909?
9
What is the millions digit of 68414712?
8
What is the tens digit of 460436560?
6
What is the millions digit of 563967801?
3
What is the units digit of 24318790?
0
What is the hundred millions digit of 1531044955?
5
What is the hundreds digit of 178604776?
7
What is the millions digit of 17088320?
7
What is the units digit of 154626234?
4
What is the ten thousands digit of 18468333?
6
What is the hundreds digit of 1108828010?
0
What is the tens digit of 159848746?
4
What is the tens digit of 1849119763?
6
What is the tens digit of 1460195629?
2
What is the hundreds digit of 77556114?
1
What is the hundred millions digit of 564528192?
5
What is the units digit of 802980900?
0
What is the hundred millions digit of 554639207?
5
What is the hundreds digit of 134943535?
5
What is the hundreds digit of 10922219?
2
What is the ten millions digit of 449706314?
4
What is the hundreds digit of 752114344?
3
What is the units digit of 63901263?
3
What is the ten thousands digit of 65321260?
2
What is the hundred thousands digit of 4023718089?
7
What is the hundreds digit of 2748645992?
9
What is the ten millions digit of 192075704?
9
What is the thousands digit of 123873110?
3
What is the ten thousands digit of 112540512?
4
What is the tens digit of 104298340?
4
What is the ten millions digit of 464384130?
6
What is the hundred thousands digit of 6154572?
1
What is the hundred thousands digit of 438171662?
1
What is the thousands digit of 27157881?
7
What is the hundred thousands digit of 15644219?
6
What is the hundreds digit of 21178873?
8
What is the billions digit of 2159485972?
2
What is the millions digit of 79876223?
9
What is the hundreds digit of 1956942548?
5
What is the tens digit of 38704316?
1
What is the thousands digit of 1515040086?
0
What is the ten thousands digit of 53236754?
3
What is the hundred millions digit of 339137982?
3
What is the ten millions digit of 48120504?
4
What is the units digit of 927176760?
0
What is the ten thousands digit of 50713685?
1
What is the ten millions digit of 195934760?
9
What is the hundreds digit of 247789157?
1
What is the ten millions digit of 15865010?
1
What is the units digit of 103335868?
8
What is the hundred thousands digit of 349052975?
0
What is the ten millions digit of 1010487685?
1
What is the ten millions digit of 1759363828?
5
What is the thousands digit of 112587263?
7
What is the thousands digit of 1578910641?
0
What is the hundreds digit of 184432620?
6
What is the thousands digit of 178232745?
2
What is the thousands digit of 232598468?
8
What is the hundreds digit of 1349369510?
5
What is the ten thousands digit of 3175741198?
4
What is the thousands digit of 733456368?
6
What is the tens digit of 140966949?
4
What is the tens digit of 684649810?
1
What is the ten millions digit of 70609105?
7
What is the billions digit of 2657691873?
2
What is the hundred millions digit of 459703655?
4
What is the hundred thousands digit of 928518527?
5
What is the hundreds digit of 421872631?
6
What is the ten millions digit of 89313007?
8
What is the hundreds digit of 8202383?
3
What is the billions digit of 4296395025?
4
What is the units digit of 3703114601?
1
What is the tens digit of 78216872?
7
What is the millions digit of 378388611?
8
What is the ten millions digit of 26614360?
2
What is the tens digit of 199912198?
9
What is the ten thousands digit of 363936000?
3
What is the units digit of 143668206?
6
What is the hundred millions digit of 597555926?
5
What is the hundred thousands digit of 40954989?
9
What is the hundred millions digit of 3031491835?
0
What is the hundred thousands digit of 210792296?
7
What is the tens digit of 2414229069?
6
What is the hundred thousands digit of 251242017?
2
What is the units digit of 331787254?
4
What is the hundred thousands digit of 71752314?
7
What is the ten millions digit of 73043921?
7
What is the thousands digit of 151027034?
7
What is the units digit of 486955010?
0
What is the units digit of 1677725766?
6
What is the units digit of 5823209851?
1
What is the hundred millions digit of 151696421?
1
What is the hundred millions digit of 135127066?
1
What is the thousands digit of 46060945?
0
What is the millions digit of 1169477444?
9
What is the millions digit of 19232834?
9
What is the tens digit of 463470991?
9
What is the millions digit of 375730773?
5
What is the ten millions digit of 64790358?
6
What is the hundreds digit of 170872916?
9
What is the hundred thousands digit of 1127756137?
7
What is the units digit of 385729764?
4
What is the ten millions digit of 26764175?
2
What is the thousands digit of 75056851?
6
What is the tens digit